s of 2709?
3, 7, 43
What are the prime factors of 2233?
7, 11, 29
List the prime factors of 1272.
2, 3, 53
What are the prime factors of 759?
3, 11, 23
What are the prime factors of 20796?
2, 3, 1733
List the prime factors of 8518.
2, 4259
List the prime factors of 11173.
11173
List the prime factors of 12936.
2, 3, 7, 11
What are the prime factors of 360?
2, 3, 5
What are the prime factors of 15634?
2, 7817
What are the prime factors of 7054?
2, 3527
List the prime factors of 54359.
19, 2861
What are the prime factors of 251?
251
List the prime factors of 18770.
2, 5, 1877
What are the prime factors of 67103?
67103
List the prime factors of 13248.
2, 3, 23
List the prime factors of 1321.
1321
What are the prime factors of 2484?
2, 3, 23
What are the prime factors of 14365?
5, 13, 17
What are the prime factors of 27021?
3, 9007
What are the prime factors of 16461?
3, 31, 59
List the prime factors of 10656.
2, 3, 37
What are the prime factors of 7406?
2, 7, 23
List the prime factors of 1516.
2, 379
List the prime factors of 166287.
3, 11, 5039
What are the prime factors of 12344?
2, 1543
List the prime factors of 2017.
2017
List the prime factors of 1168.
2, 73
What are the prime factors of 974?
2, 487
List the prime factors of 3045.
3, 5, 7, 29
List the prime factors of 46378.
2, 23189
List the prime factors of 17928.
2, 3, 83
List the prime factors of 32233.
32233
What are the prime factors of 2244?
2, 3, 11, 17
List the prime factors of 1853.
17, 109
What are the prime factors of 975?
3, 5, 13
What are the prime factors of 143?
11, 13
List the prime factors of 20567.
131, 157
List the prime factors of 273.
3, 7, 13
What are the prime factors of 776?
2, 97
List the prime factors of 1219.
23, 53
List the prime factors of 2937.
3, 11, 89
What are the prime factors of 314?
2, 157
List the prime factors of 1146.
2, 3, 191
List the prime factors of 4811.
17, 283
List the prime factors of 1053.
3, 13
List the prime factors of 765.
3, 5, 17
List the prime factors of 6193.
11, 563
What are the prime factors of 12187?
7, 1741
List the prime factors of 7662.
2, 3, 1277
List the prime factors of 45744.
2, 3, 953
What are the prime factors of 11058?
2, 3, 19, 97
List the prime factors of 29335.
5, 5867
List the prime factors of 12342.
2, 3, 11, 17
What are the prime factors of 470?
2, 5, 47
What are the prime factors of 1045?
5, 11, 19
List the prime factors of 86772.
2, 3, 7, 1033
List the prime factors of 1626.
2, 3, 271
What are the prime factors of 1915?
5, 383
What are the prime factors of 42524?
2, 10631
List the prime factors of 3613.
3613
List the prime factors of 684.
2, 3, 19
What are the prime factors of 12?
2, 3
List the prime factors of 2357.
2357
List the prime factors of 24980.
2, 5, 1249
What are the prime factors of 63083?
199, 317
List the prime factors of 29050.
2, 5, 7, 83
List the prime factors of 1635.
3, 5, 109
List the prime factors of 20383.
11, 17, 109
What are the prime factors of 53274?
2, 3, 13, 683
What are the prime factors of 1024?
2
What are the prime factors of 6333?
3, 2111
What are the prime factors of 2280?
2, 3, 5, 19
What are the prime factors of 33189?
3, 13, 23, 37
What are the prime factors of 45?
3, 5
What are the prime factors of 8588?
2, 19, 113
What are the prime factors of 1051?
1051
What are the prime factors of 1563?
3, 521
What are the prime factors of 1243?
11, 113
List the prime factors of 631.
631
What are the prime factors of 3407?
3407
List the prime factors of 21667.
47, 461
What are the prime factors of 74345?
5, 14869
What are the prime factors of 1725?
3, 5, 23
What are the prime factors of 962?
2, 13, 37
What are the prime factors of 352?
2, 11
What are the prime factors of 32425?
5, 1297
List the prime factors of 23930.
2, 5, 2393
What are the prime factors of 534?
2, 3, 89
List the prime factors of 26330.
2, 5, 2633
What are the prime factors of 2309?
2309
What are the prime factors of 1802?
2, 17, 53
List the prime factors of 5439.
3, 7, 37
List the prime factors of 100948.
2, 25237
What are the prime factors of 480?
2, 3, 5
List the prime factors of 60438.
2, 3, 7, 1439
List the prime factors of 73639.
211, 349
List the prime factors of 111088.
2, 53, 131
What are the prime factors of 74097?
3, 8233
List the prime factors of 755.
5, 151
List the prime factors of 75986.
2, 37993
What are the prime factors of 500?
2, 5
What are the prime factors of 54852?
2, 3, 7, 653
What are the prime factors of 10053?
3, 1117
List the prime factors of 25185.
3, 5, 23, 73
List the prime factors of 20220.
2, 3, 5, 337
What are the prime factors of 24425?
5, 977
List the prime factors of 26486.
2, 17, 19, 41
List the prime factors of 805.
5, 7, 23
List the prime factors of 1325.
5, 53
List the prime factors of 5860.
2, 5, 293
What are the prime factors of 2505?
3, 5, 167
List the prime factors of 619.
619
What are the prime factors of 7854?
2, 3, 7, 11, 17
What are the prime factors of 304?
2, 19
List the prime factors of 5303.
5303
List the prime factors of 121.
11
List the prime factors of 4375.
5, 7
List the prime factors of 12131.
7, 1733
List the prime factors of 140131.
17, 8243
What are the prime factors of 25736?
2, 3217
List the prime factors of 513.
3, 19
List the prime factors of 1625.
5, 13
List the prime factors of 64.
2
List the prime factors of 149789.
47, 3187
What are the prime factors of 6799?
13, 523
List the prime factors of 7004.
2, 17, 103
List the prime factors of 1712.
2, 107
What are the prime factors of 5204?
2, 1301
List the prime factors of 4864.
2, 19
What are the prime factors of 3110?
2, 5, 311
What are the prime factors of 74501?
7, 29, 367
List the prime factors of 651.
3, 7, 31
List the prime factors of 6836.
2, 1709
List the prime factors of 17241.
3, 7, 821
List the prime factors of 2200.
2, 5, 11
What are the prime factors of 10965?
3, 5, 17, 43
What are the prime factors of 44840?
2, 5, 19, 59
What are the prime factors of 7125?
3, 5, 19
List the prime factors of 3652.
2, 11, 83
What are the prime factors of 743?
743
What are the prime factors of 7020?
2, 3, 5, 13
What are the prime factors of 18438?
2, 3, 7, 439
List the prime factors of 15131.
15131
List the prime factors of 955.
5, 191
What are the prime factors of 17889?
3, 67, 89
List the prime factors of 97518.
2, 3, 16253
List the prime factors of 1096.
2, 137
List the prime factors of 1129.
1129
What are the prime factors of 53513?
59, 907
List the prime factors of 1784.
2, 223
List the prime factors of 1402.
2, 701
List the prime factors of 2693.
2693
What are the prime factors of 33319?
11, 13, 233
What are the prime factors of 28280?
2, 5, 7, 101
List the prime factors of 53830.
2, 5, 7, 769
List the prime factors of 29.
29
List the prime factors of 55028.
2, 13757
List the prime factors of 3747.
3, 1249
List the prime factors of 26144.
2, 19, 43
List the prime factors of 952.
2, 7, 17
List the prime factors of 12364.
2, 11, 281
What are the prime factors of 984?
2, 3, 41
List the prime factors of 65307.
3, 11, 1979
List the prime factors of 30946.
2, 15473
List the prime factors of 1302.
2, 3, 7, 31
List the prime factors of 1745.
5, 349
List the prime factors of 46.
2, 23
List the prime factors of 88578.
2, 3, 7, 19, 37
List the prime factors of 10829.
7, 13, 17
List the prime factors of 41489.
7, 5927
What are the prime factors of 11691?
3, 433
What are the prime factors of 5459?
53, 103
What are the prime factors of 6490?
2, 5, 11, 59
List the prime factors of 4269.
3, 1423
What are the prime factors of 6568?
2, 821
List the prime factors of 5546.
2, 47, 59
What are the prime factors of 14900?
2, 5, 149
What are the prime factors of 5122?
2, 13, 197
What are the prime factors of 15214?
2, 7607
What are the prime factors of 25895?
5, 5179
List the prime factors of 62688.
2, 3, 653
List the prime factors of 3910.
2, 5, 17, 23
List the prime factors of 1342.
2, 11, 61
List the prime factors of 2648.
2, 331
What are the prime factors of 8983?
13, 691
What are the prime factors of 1290?
2, 3, 5, 43
What are the prime factors of 53756?
2, 89, 151
List the prime factors of 6561.
3
List the prime factors of 6449.
6449
List the prime factors of 12247.
37, 331
List the prime factors of 88997.
88997
List the prime